(a) = -7*a + 307. Let b be w(43). What is the hundreds digit of 8/b*(-9669)/(-22)?
5
Suppose 5*u + 5504 = -4*w, 362 = 2*u - 3*w + 2559. Let h = 1593 + u. What is the units digit of h?
3
What is the thousands digit of (-819674)/(-28) + ((-238)/(-17))/(-196)?
9
Let n be -1 + (6/6)/((-1)/2). Let c be (0*3/(-18))/n. Suppose 2*j - 4*m + 13 - 5 = c, -5*m = -j - 16. What is the units digit of j?
4
Let t(s) = -s**2 - 25*s - 80. Let i be t(-21). What is the tens digit of 1707/i - 12/16?
2
Suppose -4*z - a = 24, -5*z - 30 = a + a. Let m be (-35640)/32 + z/(-8). What is the hundreds digit of (-1)/8 - m/8?
1
Let q(v) = -1589*v - 2679. What is the tens digit of q(-7)?
4
Let f be 5640/160 - 2/8. Suppose -5*g = 3*s - f, 0 = -s + 3*g + 29 - 8. What is the units digit of s?
5
Suppose 0 = 18*d + 1319 - 12533. Suppose 4375 + d = 21*j. What is the units digit of j?
8
Suppose -v - 509*w = -505*w - 75509, 377392 = 5*v + 3*w. What is the ten thousands digit of v?
7
Suppose l + 6 + 21 = 3*v, -2*v - l + 18 = 0. Suppose 0 = w + 5*g + 8 + 4, v = 4*w + g. What is the tens digit of (-160)/w*162/(-72)?
2
Suppose 36*n + 6*n + 14*n = 405496. What is the tens digit of n?
4
Let r(n) = 807*n**2 - n - 2. Let s be r(-1). Let l = -178 + s. What is the hundreds digit of l?
6
Suppose 0 = -16*s + 11*s - 20, -a + 2*s = -246. What is the tens digit of a?
3
Let r(x) = -x**2 + 5*x + 4. Let c be r(5). Let s(y) be the third derivative of 3*y**5/20 - y**4/24 - 3*y**3/2 - 239*y**2. What is the units digit of s(c)?
1
Suppose 6 = -3*d - 4*i, 0 = d - 4*i - 8 - 6. Suppose 7 = q - d*q. What is the tens digit of 1406/12 - ((-21)/18)/q?
1
Let a(p) = -p**2 - 7*p - 2. Let i be a(-8). Let k be (-16)/i + (8/(-5) - -2). What is the units digit of 115/k - ((-5)/2)/(-5)?
7
Let o(b) = b**3 + 6*b**2 - 2*b - 9. Let n be o(-6). Let l be (-4488)/(-20) - n/(-5). Suppose 221*f + 448 = l*f. What is the units digit of f?
2
Suppose 33*h - 25 = 28*h, 2*m = 5*h + 13547. What is the units digit of m?
6
Suppose 3*x = -5*x. Let f(i) = i + 4. Let j be f(x). Suppose j*k = -u + 37, -4*k + k - 126 = -3*u. What is the tens digit of u?
4
Let m be (-2 - -4)/(9/36). Let t(c) = c**3 - 6*c**2 - 17*c + 5. Let u be t(m). What is the units digit of u/((-6)/98) + -1?
8
Suppose -3*v = 5*t - 350, -4*t = 3*v - 3*t - 346. Suppose 5*z - q = 335, -2*z + 2 = 3*q - v. Suppose -5*i + z = -54. What is the tens digit of i?
2
Suppose 177*d - 371616 = 121*d. What is the tens digit of d?
3
Suppose 11 = 2*b + 2*i + 15, -2*b + 4*i = -8. Suppose 3*s + 2*o = 649, -4*o = -5*s - b*o + 1089. What is the tens digit of s?
1
Let z be (7 - 2)/((-2)/8). Let j = -16 - z. Suppose -13 = -5*h - 4*p + 13, j*h = 5*p - 12. What is the units digit of h?
2
Suppose 503*w = 500*w - 3*y + 56661, 0 = -2*w + 5*y + 37781. What is the thousands digit of w?
8
Suppose 0 = f - 5 + 33. Let k be ((-315)/f - 1)*(-1 + -3). What is the tens digit of -1 - (k + 3 + -3) - -1?
4
Let q = -78 - -135. Let m = q + 146. What is the hundreds digit of m?
2
Suppose 0 = -10*b + 35*b - 125. What is the units digit of ((-90)/(-50))/((-9)/b + 2)?
9
Let w(l) = -l**2 - 6*l - 5. Let m(h) = -2*h**2 - 7*h - 4. Let r be 2/(-9) + (-846)/(-162). Let z(n) = r*w(n) - 4*m(n). What is the units digit of z(-4)?
7
Suppose -13*t - 142311 = -25*t - 5655. What is the tens digit of t?
8
Let p = -16 - -24. Let s = 69 + -69. Suppose -5*f + p*f - 249 = s. What is the units digit of f?
3
Suppose -9 = -g - 5. Suppose 0 = -4*l - 4*t + 1580 - 176, 5*l - 1791 = g*t. Suppose 4*s - 3*i - 365 = 2*i, -3*i = -4*s + l. What is the tens digit of s?
8
Let h(b) = b - 6. Let k be h(3). Let l be (-30)/k - -1*0/(-3). Suppose 13*y - 168 = l*y. What is the tens digit of y?
5
What is the ten thousands digit of (-164208364)/(-2480) - 2/40?
6
Let w = -9893 + 20639. What is the thousands digit of w?
0
Let m be (-5 - -4) + 8 - 2. Suppose 7*w - 1476 = -4*t + 9*w, -5*t - m*w + 1860 = 0. What is the units digit of t?
0
Let w = 17492 - 11167. What is the thousands digit of w?
6
Let p be 2840/18 + 8/36. Let o = -63 - -71. What is the tens digit of 3 - p*(-4)/o?
8
Suppose 0 = -5*n - 4*a - 4, -3*n + a + 4 = -3*a. Suppose -11*w + 6*w - 75 = n. What is the tens digit of w/(1 + 4) - -171?
6
Let v(w) = 2*w**3 - 33*w**2 - 36*w - 27. Let j(u) = -2*u**3 + 33*u**2 + 35*u + 25. Let n(g) = 5*j(g) + 4*v(g). What is the hundreds digit of n(17)?
2
Suppose -20*m + 25*m = -60. Let y = -10 - m. Suppose 0*v = -y*v + 220. What is the hundreds digit of v?
1
Let y(x) = -2832*x - 15011. What is the units digit of y(-25)?
9
What is the thousands digit of (36/(-7)*-1)/(128425/42805 + -3)?
2
Suppose 11*c - 85867 = 106611. What is the thousands digit of c?
7
Suppose 5*z - 4*n = -2*n + 140667, -112536 = -4*z + n. What is the hundreds digit of (-18)/21 - z/(-35)?
8
Let n(d) = -d + 3. Let f = 50 - 50. Let t be n(f). Let r(k) = 18*k**2 + 3*k + 1. What is the tens digit of r(t)?
7
Let l(h) = -h**3 + 15*h**2 - 18*h - 64. Let w be l(13). Suppose -w*r + 10957 = -31603. What is the hundreds digit of r?
0
Let o(f) = -5 - 16 - 10*f + 3. Let r be o(-16). Let c = r + 28. What is the tens digit of c?
7
Let n = 1174 + -586. Let v = n + -585. What is the units digit of v?
3
Let t be (0/(-3))/3*1. Suppose -x - 11 = x - 5*b, -3*x - 3*b + 36 = t. Suppose -2*m = -x*m + 175. What is the tens digit of m?
3
Suppose -4*h + 708 = -n + 18613, -n - 2*h = -17911. What is the ten thousands digit of n?
1
Let z = 16542 + -3425. What is the ten thousands digit of z?
1
Suppose -3*h = -3*q + 3153, 0 = 4*h - 3 - 17. What is the tens digit of q?
5
Let k = -3915 + -7019. Let u be (-4)/(-10) - -12*k/(-105). Suppose 102*j = 107*j - u. What is the hundreds digit of j?
2
Suppose 13*g + 260 = 17*g. Let k = -63 + g. What is the units digit of (4 - -88)/k + 4?
0
Let c(g) be the third derivative of -31*g**4/8 - 43*g**3/6 + 5*g**2 + g. What is the tens digit of c(-5)?
2
Suppose -91*l = -183*l + 56*l + 186120. What is the thousands digit of l?
5
Let y(h) = -26*h**3 - 3*h**2 + 140*h - 36. What is the tens digit of y(-9)?
1
Let x = -32632 + 78366. What is the thousands digit of x?
5
Let h(x) = 17*x**2 + 114*x + 675. What is the units digit of h(62)?
1
Let z = 31436 - 3429. What is the tens digit of z?
0
Let p(a) be the first derivative of 6*a**2 + 5*a - 2. Let l = -308 - -316. What is the hundreds digit of p(l)?
1
Suppose -2*y - 10*i = -11*i - 10749, -2*i + 5372 = y. What is the thousands digit of y?
5
Let a(c) = -5*c**2 - 172*c + 205. What is the units digit of a(-29)?
8
What is the thousands digit of (-1 - 99/(-18))*(-4352)/(-6)?
3
Suppose -8*v + 2*t = -6*v - 19552, -12 = -4*t. What is the units digit of v?
9
Suppose -3*n = 19*n + 1232. What is the hundreds digit of 2 - (-80)/n - 1445/(-7)?
2
Let z(d) = 2*d**2 - 6*d + 5. Let a = -10 - -13. Let u be z(a). Let i(q) = q**3 - 5*q - 7. What is the tens digit of i(u)?
9
Let m be (0 + -1)*-277*(121 + -120). Let z = 496 - m. What is the units digit of z?
9
Suppose k = -k - 4*m - 608, -4*m - 1196 = 4*k. Let q = k - -468. Suppose -r = 4*o - q, 4*r - 658 = -0*r + 3*o. What is the tens digit of r?
6
What is the tens digit of 6413 + (15 - (-72)/(-6 - 2))?
1
Let i(p) = -25*p**2 - p - 2. Let h(q) = 125*q**2 + 5*q + 11. Suppose 44 = -15*k + 11*k. Let b(z) = k*i(z) - 2*h(z). What is the units digit of b(-2)?
8
Let h = -24627 - -34528. What is the hundreds digit of h?
9
Let r(x) = -31 + 103 - 26*x - 39 - 38 - x**2. What is the units digit of r(-11)?
0
Suppose 0 = 4*t - l - 6, -l - 4 = t - 8. Suppose 0 = -q - 2*f - 1 - 5, -t*f = 4*q + 6. Suppose -3*z - 16 + 292 = q. What is the tens digit of z?
9
Let d = 407 - 49. Let a = d - -335. What is the hundreds digit of a?
6
Suppose -w + 4*w - 2*h - 3641 = 0, w - 1205 = 5*h. Suppose 0 = 9*l - w - 1134. What is the units digit of l?
1
Suppose 21*x - 81630 = 190845. What is the tens digit of x?
7
Suppose 1313262 + 71683 = 17*y + 329908. What is the hundreds digit of y?
0
Suppose 179*y - 5843805 = 168*y - 320*y. What is the hundreds digit of y?
6
Suppose q - 65 = -4*f + 14, 3*f = 2*q + 62. Let c = f - 16. Suppose 0*n - n = 5*s + 6, -c*s + 4 = 3*n. What is the units digit of n?
4
Let s = -1580 + 3244. Suppose 0 = -2*z - 4*y + s, 0 = -z - y + 230 + 599. What is the tens digit of z?
2
Let o = -39 + 39. Suppose 30 + 7 = 4*f + 5*g, -5*f + 4*g - 5 = o